
42
In base 6, what is 1 + -121?
-120
In base 5, what is 331 - 42?
234
In base 2, what is -11100111001000 - 10?
-11100111001010
In base 8, what is 4 + 232?
236
In base 12, what is 73 + -3?
70
In base 3, what is -1002 + -102?
-1111
In base 13, what is -177 - -5?
-172
In base 4, what is 2 - -1231?
1233
In base 3, what is 10 - -200110?
200120
In base 7, what is -222 - -130?
-62
In base 10, what is -3 + -122?
-125
In base 2, what is 100 - 1000100000?
-1000011100
In base 6, what is -11 + 100?
45
In base 5, what is -10 - 121?
-131
In base 15, what is -3 - 38?
-3b
In base 10, what is -748 - 2?
-750
In base 12, what is 6750 - -3?
6753
In base 14, what is 2 + 42b?
42d
In base 13, what is -18 - 931?
-949
In base 2, what is 11 - -10?
101
In base 11, what is -26 - -238?
212
In base 12, what is -1a - 6a?
-88
In base 2, what is 10 + 100111111011?
100111111101
In base 8, what is 27327 - 0?
27327
In base 6, what is 1113 + 11?
1124
In base 13, what is 1636 + 3?
1639
In base 4, what is 33301 + 10?
33311
In base 13, what is 11 - -6?
17
In base 2, what is 11 - 100101100?
-100101001
In base 9, what is -1 - 53?
-54
In base 4, what is 0 - 11103?
-11103
In base 3, what is -121 - -1?
-120
In base 3, what is -100 + -10?
-110
In base 5, what is 1214 - -4?
1223
In base 14, what is -a5 - 36?
-db
In base 3, what is -1001102 - 2?
-1001111
In base 5, what is -1404 - 1?
-1410
In base 7, what is -636 - 4?
-643
In base 13, what is 5 + 9?
11
In base 4, what is 3 + -3022?
-3013
In base 14, what is -2 - -7c?
7a
In base 8, what is -21 + 27?
6
In base 14, what is 10b - 4?
107
In base 15, what is 902a + 5?
9030
In base 13, what is -a + 27?
1a
In base 5, what is -342 - -3?
-334
In base 5, what is 103032 + -10?
103022
In base 13, what is 3 - 167?
-164
In base 14, what is 5 + 6c9?
6d0
In base 13, what is -b - -89?
7b
In base 4, what is -1012 + -102?
-1120
In base 4, what is -130 + -1223?
-2013
In base 9, what is -5 + 404?
388
In base 9, what is -11468 + -1?
-11470
In base 10, what is -17 - -86?
69
In base 8, what is 11 - 4?
5
In base 6, what is 3 - -101?
104
In base 8, what is -4 + -72?
-76
In base 16, what is 3 - -396?
399
In base 15, what is -2 - -10a0?
109d
In base 14, what is 0 + 0?
0
In base 10, what is -205 - 6?
-211
In base 5, what is -33 + -1?
-34
In base 16, what is 2ef - -2?
2f1
In base 15, what is -4 + 15?
11
In base 9, what is 3 - 26?
-23
In base 16, what is -ab4a + -1?
-ab4b
In base 12, what is a7 - -5?
b0
In base 8, what is -3246 - -5?
-3241
In base 5, what is 211 + -10?
201
In base 13, what is -40 + 3?
-3a
In base 6, what is -4513 - -24?
-4445
In base 7, what is -25 + -1?
-26
In base 10, what is 32 - -56?
88
In base 14, what is -1c - -24b?
22d
In base 5, what is 234 - -104?
343
In base 14, what is -23 - 0?
-23
In base 15, what is -24 + 1a5?
181
In base 5, what is 3311 + -3?
3303
In base 2, what is -1001010 + -110?
-1010000
In base 11, what is 1 + 550?
551
In base 15, what is -9 - 13?
-1c
In base 9, what is 45 + 316?
362
In base 5, what is 214 + -3?
211
In base 4, what is 12030 - 10?
12020
In base 10, what is -3101 + -6?
-3107
In base 12, what is ba - 5?
b5
In base 10, what is -265 + 15?
-250
In base 16, what is 1b - 8?
13
In base 14, what is -25 - -1?
-24
In base 11, what is 2 - 84?
-82
In base 13, what is -3 - 1cc3?
-1cc6
In base 2, what is 101110100110 - -10?
101110101000
In base 13, what is -6 + 18b7?
18b1
In base 12, what is -2b - 18?
-47
In base 16, what is -1 + 1d1?
1d0
In base 9, what is 12 + 7?
20
In base 9, what is -1 + 70?
68
In base 16, what is -1 - -51?
50
In base 5, what is 101444 + 2?
102001
In base 14, what is 42c6 - -4?
42ca
In base 2, what is 101 - -1001?
1110
In base 3, what is 100122 - -2?
100201
In base 11, what is -64 + -5?
-69
In base 14, what is 5 + 28?
2d
In base 15, what is 437 + -a?
42c
In base 10, what is 8 + 210?
218
In base 6, what is 131 + 3?
134
In base 15, what is 4 + 66?
6a
In base 16, what is -36e - 1?
-36f
In base 16, what is 3 + -31f?
-31c
In base 4, what is -303 - -110?
-133
In base 11, what is 657 - -3?
65a
In base 5, what is -11 - -3100?
3034
In base 2, what is 101 + -10101000?
-10100011
In base 9, what is 3 + 73?
76
In base 12, what is -8 + -99?
-a5
In base 4, what is 11 - -110221?
110232
In base 4, what is 103 + -331?
-222
In base 9, what is 2 + 3?
5
In base 11, what is -319 + 1?
-318
In base 11, what is 258 + -7?
251
In base 12, what is -2ab - 30?
-31b
In base 10, what is 0 - -257?
257
In base 4, what is 1 + 112?
113
In base 3, what is -21 + 122202?
122111
In base 16, what is 0 + 1af?
1af
In base 13, what is -41a - 25?
-442
In base 6, what is -101 - 1051?
-1152
In base 8, what is -25 - -40?
13
In base 4, what is 1321 - -2?
1323
In base 10, what is 4 + 0?
4
In base 4, what is -10 - -212032?
212022
In base 10, what is -2 + -206?
-208
In base 5, what is -1441 - -4?
-1432
In base 16, what is 72 - 5?
6d
In base 9, what is 14038 + -5?
14033
In base 5, what is 104 + 10?
114
In base 13, what is 48 - a?
3b
In base 14, what is 2 - -1b6c?
1b70
In base 10, what is -5 + -72?
-77
In base 15, what is 83 + -3?
80
In base 8, what is 1 - 6456?
-6455
In base 3, what is 12 - 101211?
-101122
In base 7, what is 150 + -2?
145
In base 5, what is 121 - 224?
-103
In base 15, what is -504 + 2?
-502
In base 7, what is 2 - -46?
51
In base 15, what is 2 - 269?
-267
In base 10, what is 163 - -4?
167
In base 10, what is -10 - 24?
-34
In base 14, what is -d - -338?
329
In base 14, what is 3 + -45?
-42
In base 13, what is -2228 - 5?
-2230
In base 5, what is -14 + 24?
10
In base 14, what is a - 56b?
-561
In base 6, what is 0 - 1541?
-1541
In base 13, what is 15 - a?
8
In base 10, what is -1 + -27?
-28
In base 8, what is 5 - -7732?
7737
In base 13, what is 74 + b?
82
In base 15, what is -1a3 + -5?
-1a8
In base 8, what is -13 + -62?
-75
In base 7, what is -130 - 42?
-202
In base 2, what is 100011101001001 + -101?
100011101000100
In base 14, what is -3 + -1c0?
-1c3
In base 16, what is -66 + f?
-57
In base 5, what is -224 + 21?
-203
In base 8, what is -1163 - -2?
-1161
In base 5, what is -13 + 4?
-4
In base 15, what is 3 + -a?
-7
In base 11, what is -1150 + -5?
-1155
In base 3, what is 1002 - -122010?
200012
In base 15, what is -7cc - 0?
-7cc
In base 15, what is -5 - -2a7?
2a2
In base 10, what is 12 + -121?
-109
In base 11, what is 16 + -271?
-256
In base 4, what is 0 - -1000?
1000
In base 13, what is -12 - -1?
-11
In base 11, what is -7058 - -1?
-7057
In base 3, what is 1 + -1010?
-1002
In base 10, what is -13006 + 3?
-13003
In base 9, what is -1077 + 21?
-1056
In base 10, what is 6 - -36?
42
In base 10, what is -160 + 5?
-155
In base 5, what is 11243 + 2?
11300
In base 5, what is 4 - 4141?
-4132
In base 9, what is 1 + 67?
68
In base 13, what is -2b - -c4?
96
In base 10, what is 149 - -16?
165
In base 15, what is -1a5 + -1a?
-1c0
In base 7, what is 125304 + -5?
125266
In base 15, what is 2 - 8a?
-88
In base 10, what is -9 + -113?
-122
In base 7, what is -4 + -1151?
-1155
In base 13, what is b + b2c?
b3a
In base 5, what is 2 - 2331?
-2324
In base 11, what is 0 + -2?
-2
In base 5, what is -1302 - -10?
-1242
In base 15, what is 4b - 5?
46
In base 14, what is -26 - -13b?
115
In base 15, what is -5 - -16a?
165
In base 10, what is -4 - 608?
-612
In base 4, what is 11 - -2333?
3010
In base 5, what is 33 - 144?
-111
In base 16, what is -4 - -27?
23
In base 12, what is -8 + 37?
2b
In base 16, what is -7 - a?
-11
In base 12, what is -308 - 2?
-30a
In base 13, what is -181 + 3?
-17b
In base 7, what is -151 - -5?
-143
In base 7, what is 115 + -5?
110
In base 8, what is -40 - 3?
-43
In base 2, what is 11101010 + -100?
11100110
In base 13, what is 1309 - 0?
1309
In base 3, what is -2110 + -210?
-10020
In base 6, what is 2 - 3?
-1
In base 15, what is -7 + 2a3?
29b
In base 13, what is 104 - -43?
147
In base 13, what is 2 + 263?
265
In base 5, what is -112 + 1023?
411
In base 15, what is -2a - -7?
-23
In base 15, what is 3 - d?
-a
In base 8, what is -753 - -3?
-750
In base 3, what is 1 + -102?
-101
In base 15, what is 0 + 2355?
2355
In base 5, what is 23243 - 4?
23234
In base 9, what is -32 + -217?
-250
In base 7, what is 11 - -14?
25
In base 16, what is 2 - 11f?
-11d
In base 6, what is -12300 + -2?
-12302
In base 16, what is -60 - -5?
-5b
In base 12, what is 855 + 4?
859
In base